 What are the prime factors of s?
53
Let y = -226 + 229. Suppose -995 = -5*g - 2*r, y*g + 7*r = 4*r + 597. List the prime factors of g.
199
Let h = -1031 - -2932. List the prime factors of h.
1901
Let v(c) be the second derivative of -27*c**5/5 - 5*c**4/12 - 7*c**3/6 + c**2/2 - c - 17. List the prime factors of v(-2).
859
Let c(j) = 3*j**3 - 5*j**2 + 8*j - 6. Let m be c(2). Let z be (-2)/(-1)*-24*-6. List the prime factors of (m/(-3))/((-12)/z).
2, 7
Let j(a) = 7*a + 3*a + 3*a - 65 - a. What are the prime factors of j(15)?
5, 23
Let m = 10870 + 2865. List the prime factors of m.
5, 41, 67
Let p(j) = -3107*j + 502. What are the prime factors of p(-3)?
11, 19, 47
Let y be (13 + (-2 - 2))/(7/35). What are the prime factors of (-2)/18 + 56615/y?
2, 17, 37
Let i(n) = 8*n + 144. Let p be i(-17). Suppose -p*v - 707 = -2*u - 11*v, 2*u - 3*v = 701. List the prime factors of u.
2, 11
Suppose 83*g = 989852 + 424219. What are the prime factors of g?
3, 631
Let i be 2/7 + (-132)/(-77). Let c be 9408/80 + 16/(-10) + i. Let j = 288 - c. List the prime factors of j.
2, 5, 17
Suppose 3*g - 5*n - 4874 = 0, -2*n - 1299 = -2*g + 1953. What are the prime factors of g?
2, 11, 37
Suppose 5*l - 5*u - 126 = -u, -5*u = 5*l - 90. Suppose -10 - l = -8*p. What are the prime factors of (-4)/(-2*p)*(161 - -3)?
2, 41
Let b(a) = 15*a - 11 + 9 - 46*a + 7. What are the prime factors of b(-2)?
67
Suppose -6 - 106 = -16*q. List the prime factors of (-9)/4*(-249 - q).
2, 3
Let t be -1 - (84/(-4 - 0) - 0). List the prime factors of 16324/t + 3/(-15).
2, 3, 17
Suppose -2*v - 14 = -18. Let p be 9/3 + 36 + v + -2. Let w = p + -10. What are the prime factors of w?
29
Let q(c) = -40*c - 66. Let v be q(-3). Suppose 4*d + 2*a = 82 + 70, 3*a = 3*d - 123. What are the prime factors of -242*((-4)/(-18) - d/v)?
11
Suppose 0 = 21*v - 16*v - 15. Suppose 3*p = -v*f + 1509, 3*f - 2*f - 487 = 3*p. Suppose 3*w = -x + 129, -x = -5*x + 5*w + f. List the prime factors of x.
2, 3, 7
Let q(a) = 70*a**3 - 2*a**2 + 112*a - 687. What are the prime factors of q(9)?
3, 113, 151
Let x(n) = n**2 - 19*n - 55. Let s be x(22). What are the prime factors of -41*(-4 - -3)*s?
11, 41
Let o = 197 - -20507. List the prime factors of o.
2, 647
Suppose -2*g + 9 - 19 = -2*j, 3*j = -4*g - 20. Let o = 781 + g. List the prime factors of o.
2, 97
Let w(i) = i**3 - 77*i**2 + 46*i - 516. List the prime factors of w(81).
2, 3, 4909
Suppose 0 = -94*y + 964795 + 1337923. What are the prime factors of y?
11, 17, 131
Let t(x) = -3*x**2 - 4*x - 4. Let f be t(-4). Let n be (-136)/6 + -1 + (-24)/f. Let q(o) = -2*o - 29. What are the prime factors of q(n)?
17
Let z(q) = 4*q + 29. Suppose 5*b + 21 = 2*m, -m + 0*m + 23 = -5*b. Let h be z(b). List the prime factors of 3 + -1 - h/(-6)*48.
2, 37
Let h = -19 + 24. Suppose 0 = 3*c - 2*d - 2*d - 4, -2 = 2*c - h*d. List the prime factors of 190/c - 6/(-4).
7
Suppose -447*a - 12996189 + 19647740 + 21341824 = 0. List the prime factors of a.
3, 5, 167
Let c(n) = -n + 33. Let w be c(14). Suppose w*p - 16*p = 30. What are the prime factors of (8/p)/((-30)/(-5625))?
2, 3, 5
Suppose 815861 = 30*t + 540670 - 1224869. List the prime factors of t.
2, 23, 1087
Let a(p) = -833*p + 3090. List the prime factors of a(-79).
68897
Let s(a) = 52 - 91*a - 7*a - 18*a. What are the prime factors of s(-5)?
2, 79
Let a = 6644 + -2883. List the prime factors of a.
3761
Suppose 4*k + 6*j - 23832 = 2*j, 3*k - 17877 = -4*j. What are the prime factors of k?
3, 5, 397
Let r(l) = -3*l**2 - 15*l + 56. Let y be r(9). Let g = -79 - y. What are the prime factors of g?
3
Let z(o) = o**3 + 14*o**2 - 17*o + 19. Let h be ((-4)/14 + 1416/(-42))/1. Let a = -49 - h. List the prime factors of z(a).
7
Let d(a) = -a + 7*a**2 - 12 + a**3 + 13*a**2 + 11*a + 9*a. List the prime factors of d(-9).
2, 3, 59
Suppose -15*r + 198 = -24*r. Let o(l) = -6*l - 83. List the prime factors of o(r).
7
Suppose -4*c - 5 = 5*b, -3 = -2*c + b + 2*b. Suppose c = 4*h - 5*p + 15, 5*h - 3*h + 3 = p. What are the prime factors of (h - 24)*(-26)/8?
2, 3, 13
Let w(l) = 914*l + 3179. What are the prime factors of w(34)?
5, 13, 17, 31
List the prime factors of (-230142)/(-90) + 10/(-75) + -4.
3, 23, 37
Let a be 9 + -10 - (-1 - 1 - -1). Suppose a*c + 20 = -3*c - 5*i, 2*i = c + 3. Let j(v) = -3*v + 3. List the prime factors of j(c).
2, 3
Suppose 2*p - i = -0*p + 199, 3*i + 9 = 0. Let n be (4 + 72/(-21))*(-3 + 17). Suppose 46 = n*y - p. List the prime factors of y.
2, 3
Let h(t) = -3*t**3 - 14*t**2 - 17*t + 9. Let l be h(-11). Suppose 5*r - l - 2970 = 5*o, -o + 3299 = 3*r. What are the prime factors of r?
2, 3, 61
What are the prime factors of 48/(-9)*(135/(-18) + 6) - -34805?
31, 1123
Suppose 0 = k - 0*k + 67. Let w = 127 + k. Suppose 5*l + h + w - 735 = 0, -5*l + 3*h + 655 = 0. What are the prime factors of l?
2, 67
Let h be (-144)/(-60) + 4/(-10). Let b(d) = 0 + 2 + 17*d**h - 16*d**2 + 2. List the prime factors of b(-4).
2, 5
Let j(k) = 3*k**3 + 3*k**2 + 3*k - 11. Let n(q) = -4*q**3 - 6*q**2 - 6*q + 23. Let z(c) = 5*j(c) + 3*n(c). List the prime factors of z(3).
59
Let s = -8 + 7. Let d(i) = 18*i**3. Let v be d(s). List the prime factors of ((-150)/(-8))/(v/(-48)).
2, 5
What are the prime factors of 1/5 + ((-1660475)/(-125) - 23)?
89, 149
Let l = 116 + -116. What are the prime factors of l - 5322/(-21) - 68/(-119)?
2, 127
Let b(z) = -z**3 - 11*z**2 - 11*z - 10. Let w be 15*1*(56/21)/(-4). Let f be b(w). Suppose f = 2*y + 6, -k + 0*k + 3*y = -103. List the prime factors of k.
2, 47
What are the prime factors of 16960/(-120)*198/(-24)?
2, 11, 53
Let i(x) = -7*x + 11. Let d be i(1). Suppose d*s = -46 + 1294. List the prime factors of s.
2, 3, 13
Suppose 0 = -5*h - 2*t + 40, -4*t + 14 = 2*h - 2. Suppose 0 = o - 2*q - 16, -h*o + 50 = -3*o - 4*q. Suppose -o*a + 9*a - 144 = 0. List the prime factors of a.
2, 3
Suppose -1 = -12*f + 23. Suppose 0 = -3*x - 18*k + 15*k + 1233, -4*x = -f*k - 1620. What are the prime factors of x?
11, 37
Let o = 28 - 25. Suppose o*s - 3 = -21. List the prime factors of (-4)/s + 525/9.
59
List the prime factors of 978/163 - 15356*-1.
2, 7681
Let o(i) = -2*i**3 - i**2 - i. Let m(q) = -q**3 + 22*q**2 - 20*q - 23. Let b be m(21). Let l be o(b). What are the prime factors of (l - -2)*(-56)/(-16)?
2, 7
Let o(x) = -11*x**3 + 3*x**2 + 7*x + 9. Let u be o(-2). Suppose i = -4*r - u + 1425, 0 = -r + 2*i + 337. List the prime factors of r.
3, 37
Let g(t) = 1132*t**2 + 481*t + 1913. What are the prime factors of g(-4)?
23, 787
Let b(d) = d**2 - 20*d - 22. Let q be b(22). Suppose 4*f = y - 34, -y + f + q = -0*f. List the prime factors of y.
2, 3
Let t(i) = i**3 + 7*i**2 - 26*i - 65. Let l = -243 + 235. List the prime factors of t(l).
79
Let a be 1*43 + (1 + 4)/(-5). Let y = 45 - a. Suppose -y*v = -4*v + 190. List the prime factors of v.
2, 5, 19
Suppose -10*c + 6*c + 40 = 0. Suppose -c*f = -6*f - 2452. Suppose 4*p - q = -17 + f, 0 = -4*q. What are the prime factors of p?
149
Let w(g) = 14*g**2 + 2*g + 3. Suppose 0 = -3*s + s + 5*j - 5, j - 1 = 5*s. Suppose -4*z + 8 = s, 2*z - 23 = 5*q - 4. List the prime factors of w(q).
3, 41
Let g(r) = -r**3 - 2*r**2 - 4*r + 2. Let q be g(-4). List the prime factors of 5/(q/(-22))*-95.
11, 19
Suppose -1698 - 2102 = -5*k. Let q(o) = -60*o + 4. Let x be q(-3). Suppose 0 = g + 4*r - x, -3*r - r = 4*g - k. What are the prime factors of g?
2, 3
Suppose -2*k = -2*b + 22066, 2*k + 41834 - 8740 = 3*b. List the prime factors of b.
2, 3, 919
Suppose 3*t = -5*q + 4*t, q + 24 = 5*t. List the prime factors of (12 - 6 - 1809)/(-1*q).
3, 601
Let g = -9 + 23. Let m = 17 - g. Suppose -5*b + 2*r + 446 = -b, m*b = -2*r + 338. List the prime factors of b.
2, 7
Let d = 197 - 188. Suppose -d*n + 2*n + 917 = 0. What are the prime factors of n?
131
Let i(v) = -2286*v + 19942. What are the prime factors of i(-20)?
2, 32831
Let i = -46 + 188. Suppose 340 = y + 4*m, 5*m + i = y - 198. What are the prime factors of y?
2, 5, 17
Suppose -3*u = -96 + 3. Let i = u - -61. List the prime factors of i.
2, 23
Let w(x) = -13041*x - 7991. List the prime factors of w(-4).
163, 271
Suppose 3*x + 0*l - l - 2341 = 0, -x + 783 = l. Let m = x - 339. List the prime factors of m.
2, 13, 17
Let j(n) = -n**3 + 15*n**2 - 11*n + 4. Suppose 2*y - 53 = -5*c, -2*y - 2*y = 